late the remainder when 330 is divided by 64.
10
Calculate the remainder when 5623 is divided by 401.
9
Calculate the remainder when 133 is divided by 24.
13
Calculate the remainder when 538 is divided by 9.
7
Calculate the remainder when 210 is divided by 12.
6
What is the remainder when 153 is divided by 47?
12
Calculate the remainder when 3479 is divided by 145.
144
Calculate the remainder when 1268 is divided by 29.
21
Calculate the remainder when 147 is divided by 50.
47
Calculate the remainder when 1619 is divided by 90.
89
What is the remainder when 1364 is divided by 197?
182
What is the remainder when 73 is divided by 14?
3
What is the remainder when 955 is divided by 218?
83
Calculate the remainder when 86 is divided by 18.
14
Calculate the remainder when 1114 is divided by 19.
12
What is the remainder when 401 is divided by 127?
20
Calculate the remainder when 164 is divided by 84.
80
Calculate the remainder when 17601 is divided by 36.
33
What is the remainder when 230 is divided by 21?
20
Calculate the remainder when 328 is divided by 2.
0
What is the remainder when 973 is divided by 89?
83
What is the remainder when 144 is divided by 25?
19
What is the remainder when 71 is divided by 10?
1
What is the remainder when 79 is divided by 29?
21
What is the remainder when 978 is divided by 98?
96
What is the remainder when 4745 is divided by 1179?
29
Calculate the remainder when 159 is divided by 47.
18
What is the remainder when 18568 is divided by 31?
30
What is the remainder when 24307 is divided by 13?
10
What is the remainder when 156 is divided by 12?
0
What is the remainder when 113 is divided by 20?
13
Calculate the remainder when 131 is divided by 15.
11
What is the remainder when 12873 is divided by 82?
81
What is the remainder when 14097 is divided by 266?
265
What is the remainder when 481 is divided by 22?
19
What is the remainder when 572 is divided by 258?
56
Calculate the remainder when 192 is divided by 180.
12
Calculate the remainder when 38 is divided by 3.
2
Calculate the remainder when 350 is divided by 13.
12
What is the remainder when 13423 is divided by 14?
11
What is the remainder when 6202 is divided by 6185?
17
What is the remainder when 8618 is divided by 17?
16
Calculate the remainder when 154 is divided by 19.
2
Calculate the remainder when 2402 is divided by 97.
74
What is the remainder when 1534 is divided by 16?
14
Calculate the remainder when 3007 is divided by 1499.
9
What is the remainder when 818 is divided by 33?
26
What is the remainder when 262 is divided by 93?
76
What is the remainder when 84 is divided by 12?
0
What is the remainder when 408 is divided by 137?
134
Calculate the remainder when 200 is divided by 188.
12
What is the remainder when 72 is divided by 48?
24
Calculate the remainder when 588 is divided by 27.
21
What is the remainder when 5522 is divided by 18?
14
Calculate the remainder when 424 is divided by 14.
4
Calculate the remainder when 258 is divided by 59.
22
What is the remainder when 60 is divided by 29?
2
What is the remainder when 6857 is divided by 28?
25
Calculate the remainder when 670 is divided by 306.
58
Calculate the remainder when 1080 is divided by 266.
16
What is the remainder when 679 is divided by 38?
33
What is the remainder when 263 is divided by 2?
1
Calculate the remainder when 82 is divided by 2.
0
Calculate the remainder when 271 is divided by 146.
125
Calculate the remainder when 160 is divided by 15.
10
Calculate the remainder when 795 is divided by 160.
155
What is the remainder when 24 is divided by 18?
6
Calculate the remainder when 6697 is divided by 29.
27
Calculate the remainder when 790 is divided by 49.
6
What is the remainder when 1477 is divided by 37?
34
What is the remainder when 174 is divided by 35?
34
Calculate the remainder when 159 is divided by 81.
78
Calculate the remainder when 8289 is divided by 34.
27
Calculate the remainder when 699 is divided by 101.
93
What is the remainder when 2494 is divided by 39?
37
What is the remainder when 353 is divided by 59?
58
Calculate the remainder when 1408 is divided by 3.
1
Calculate the remainder when 2841 is divided by 316.
313
What is the remainder when 1316 is divided by 323?
24
What is the remainder when 502 is divided by 72?
70
Calculate the remainder when 294 is divided by 8.
6
Calculate the remainder when 5024 is divided by 628.
0
Calculate the remainder when 2036 is divided by 422.
348
What is the remainder when 484 is divided by 227?
30
What is the remainder when 191 is divided by 13?
9
What is the remainder when 33 is divided by 16?
1
What is the remainder when 69 is divided by 10?
9
What is the remainder when 293 is divided by 14?
13
Calculate the remainder when 274 is divided by 12.
10
Calculate the remainder when 144 is divided by 1.
0
What is the remainder when 56 is divided by 9?
2
What is the remainder when 447 is divided by 234?
213
Calculate the remainder when 64 is divided by 27.
10
Calculate the remainder when 382 is divided by 53.
11
Calculate the remainder when 226 is divided by 36.
10
What is the remainder when 305 is divided by 80?
65
Calculate the remainder when 62 is divided by 22.
18
Calculate the remainder when 191 is divided by 109.
82
What is the remainder when 518 is divided by 501?
17
What is the remainder when 182 is divided by 5?
2
What is the remainder when 1282 is divided by 96?
34
What is the remainder when 158 is divided by 27?
23
What is the remainder when 1460 is divided by 1440?
20
What is the remainder when 654 is divided by 217?
3
What is the remainder when 367 is divided by 182?
3
Calculate the remainder when 5166 is divided by 22.
18
Calculate the remainder when 297 is divided by 10.
7
Calculate the remainder when 273 is divided by 66.
9
Calculate the remainder when 68 is divided by 21.
5
Calculate the remainder when 254 is divided by 39.
20
What is the remainder when 3141 is divided by 150?
141
What is the remainder when 21 is divided by 19?
2
Calculate the remainder when 2308 is divided by 7.
5
What is the remainder when 2237 is divided by 239?
86
What is the remainder when 1269 is divided by 19?
15
What is the remainder when 78 is divided by 16?
14
What is the remainder when 469 is divided by 5?
4
What is the remainder when 116 is divided by 38?
2
Calculate the remainder when 442 is divided by 146.
4
Calculate the remainder when 594 is divided by 122.
106
What is the remainder when 749 is divided by 50?
49
Calculate the remainder when 1513 is divided by 352.
105
Calculate the remainder when 356 is divided by 18.
14
What is the remainder when 83 is divided by 22?
17
Calculate the remainder when 1933 is divided by 30.
13
Calculate the remainder when 280 is divided by 96.
88
Calculate the remainder when 1256 is divided by 30.
26
Calculate the remainder when 60 is divided by 33.
27
Calculate the remainder when 335 is divided by 31.
25
Calculate the remainder when 19643 is divided by 94.
91
Calculate the remainder when 297 is divided by 101.
95
What is the remainder when 16 is divided by 10?
6
Calculate the remainder when 3759 is divided by 47.
46
Calculate the remainder when 2833 is divided by 63.
61
Calculate the remainder when 2726 is divided by 392.
374
What is the remainder when 65 is divided by 25?
15
What is the remainder when 4126 is divided by 24?
22
Calculate the remainder when 52658 is divided by 262.
258
What is the remainder when 3237 is divided by 60?
57
What is the remainder when 388 is divided by 23?
20
Calculate the remainder when 5482 is divided by 41.
29
What is the remainder when 912 is divided by 905?
7
What is the remainder when 19807 is divided by 5?
2
What is the remainder when 508 is divided by 51?
49
Calculate the remainder when 3936 is divided by 20.
16
What is the remainder when 404 is divided by 22?
8
What is the remainder when 4764 is divided by 15?
9
What is the remainder when 66 is divided by 28?
10
Calculate the remainder when 292 is divided by 27.
22
Calculate the remainder when 3492 is divided by 78.
60
What is the remainder when 291 is divided by 83?
42
What is the remainder when 246 is divided by 50?
46
Calculate the remainder when 43 is divided by 38.
5
Calculate the remainder when 131 is divided by 15.
11
W